alculate the greatest common factor of 280 and 85736.
56
Calculate the greatest common factor of 200824 and 416.
104
What is the highest common factor of 1055875 and 750?
125
Calculate the greatest common factor of 1890 and 6090.
210
What is the highest common divisor of 363 and 919963?
121
What is the highest common divisor of 225 and 8928?
9
What is the greatest common factor of 107297 and 82?
41
Calculate the highest common divisor of 115 and 1873419.
23
What is the greatest common divisor of 1551 and 1144121?
517
Calculate the highest common factor of 1945384 and 24.
8
Calculate the greatest common factor of 29539 and 1626.
271
What is the highest common factor of 134 and 1499661?
67
Calculate the highest common divisor of 6819 and 21.
3
Calculate the highest common factor of 9676 and 126791.
59
Calculate the greatest common divisor of 949 and 64597.
13
What is the greatest common factor of 914375 and 1155?
385
Calculate the highest common divisor of 7579 and 63388.
689
What is the greatest common factor of 229164 and 42?
6
Calculate the greatest common divisor of 28313 and 46.
23
What is the greatest common divisor of 1319835 and 110?
55
Calculate the highest common divisor of 10650 and 90.
30
Calculate the greatest common factor of 1245 and 510.
15
Calculate the highest common factor of 1165418 and 68.
34
What is the greatest common divisor of 84 and 20556?
12
Calculate the highest common divisor of 11528 and 748.
44
What is the greatest common factor of 2524600 and 1040?
520
Calculate the greatest common divisor of 2242 and 133646.
38
Calculate the greatest common factor of 8652 and 20076.
84
Calculate the highest common divisor of 10363427 and 89.
89
What is the greatest common factor of 42416 and 241?
241
Calculate the greatest common factor of 22081 and 2488.
311
Calculate the greatest common divisor of 3020918 and 118.
118
What is the greatest common factor of 114 and 41838?
114
Calculate the highest common divisor of 256 and 7384.
8
What is the highest common factor of 6889456 and 224?
112
Calculate the highest common factor of 369 and 1683.
9
Calculate the highest common factor of 42240 and 13860.
660
Calculate the highest common factor of 115768 and 16.
8
What is the highest common factor of 22519 and 287?
7
Calculate the highest common divisor of 514256 and 112.
16
Calculate the highest common factor of 392 and 196784.
392
What is the highest common divisor of 2226 and 1911?
21
What is the greatest common divisor of 24093 and 9?
9
Calculate the highest common divisor of 415 and 15090.
5
What is the highest common factor of 15177 and 57?
3
What is the highest common divisor of 280 and 3370360?
280
Calculate the greatest common divisor of 6787 and 11.
11
Calculate the greatest common divisor of 194148 and 144.
36
What is the greatest common divisor of 26 and 31083?
13
What is the greatest common divisor of 30 and 42153?
3
Calculate the highest common factor of 98112 and 147.
21
What is the greatest common divisor of 61 and 347761?
61
Calculate the highest common divisor of 558 and 42246.
18
Calculate the greatest common divisor of 9523 and 5671.
107
What is the highest common factor of 101656 and 6208?
776
Calculate the highest common factor of 172301 and 43.
43
Calculate the highest common factor of 31427 and 451.
11
Calculate the greatest common factor of 317 and 506249.
317
What is the greatest common divisor of 8339 and 1271?
31
Calculate the greatest common factor of 189008 and 16.
16
Calculate the highest common factor of 75509 and 23450.
469
What is the highest common divisor of 38560 and 2060?
20
What is the greatest common divisor of 224 and 8213296?
112
Calculate the greatest common factor of 22509 and 20313.
549
Calculate the greatest common divisor of 6350 and 31496.
254
Calculate the highest common divisor of 8595 and 20.
5
Calculate the highest common factor of 9 and 98460.
9
What is the highest common factor of 2771 and 5814?
17
Calculate the highest common divisor of 2 and 1208380.
2
Calculate the highest common factor of 629 and 573648.
629
Calculate the highest common divisor of 595 and 240023.
119
What is the greatest common factor of 21423 and 925?
37
Calculate the greatest common divisor of 77610 and 10.
10
What is the highest common divisor of 104 and 18976?
8
What is the greatest common divisor of 1720686 and 132?
66
What is the highest common factor of 1179 and 216?
9
What is the greatest common divisor of 298792 and 416?
104
Calculate the highest common divisor of 26 and 179933.
13
What is the highest common factor of 39 and 266487?
39
Calculate the highest common divisor of 401 and 605911.
401
What is the highest common divisor of 468 and 1612624?
52
Calculate the greatest common factor of 3836 and 9.
1
Calculate the highest common factor of 4233 and 289.
17
Calculate the greatest common factor of 63 and 453579.
21
Calculate the highest common divisor of 747 and 5958.
9
What is the greatest common divisor of 8 and 1470592?
8
What is the greatest common divisor of 312 and 76011?
39
What is the highest common divisor of 812 and 7861?
7
Calculate the greatest common factor of 1612 and 51832.
124
Calculate the greatest common divisor of 25 and 1975900.
25
Calculate the highest common factor of 179 and 103.
1
What is the highest common factor of 1022656 and 19?
19
Calculate the greatest common divisor of 117405 and 210.
15
What is the highest common divisor of 460 and 250815?
115
Calculate the greatest common divisor of 4669 and 9309.
29
What is the highest common factor of 18 and 129186?
18
Calculate the greatest common factor of 8481 and 3333.
33
Calculate the highest common divisor of 1686 and 2715303.
843
What is the highest common factor of 17550 and 32955?
195
What is the highest common factor of 899 and 3875?
31
What is the greatest common factor of 2133 and 329193?
711
What is the greatest common divisor of 9342 and 2268?
54
Calculate the highest common divisor of 9144 and 316611.
1143
What is the highest common divisor of 16687 and 943?
41
What is the greatest common divisor of 590 and 262?
2
What is the greatest common divisor of 9952 and 224?
32
What is the greatest common divisor of 69 and 8303?
23
Calculate the highest common factor of 34241 and 3177.
353
Calculate the greatest common factor of 567384 and 47.
47
What is the highest common divisor of 25344 and 3366?
198
Calculate the greatest common divisor of 77 and 60851.
7
What is the greatest common factor of 9020 and 7052?
164
Calculate the greatest common divisor of 287 and 36099.
7
What is the greatest common divisor of 6630 and 35?
5
Calculate the greatest common divisor of 66 and 126676.
22
What is the highest common divisor of 105 and 410655?
105
Calculate the highest common divisor of 370445 and 8815.
215
What is the highest common divisor of 3008 and 97666?
94
What is the highest common factor of 260 and 275?
5
Calculate the highest common factor of 166 and 56440.
166
What is the highest common factor of 233051 and 325?
13
What is the highest common factor of 1120002 and 78?
78
What is the highest common factor of 8232870 and 60?
30
What is the highest common factor of 60 and 3094760?
20
Calculate the greatest common divisor of 4688888 and 8.
8
What is the greatest common divisor of 240 and 325500?
60
Calculate the highest common factor of 1733053 and 7.
7
What is the highest common factor of 75 and 725?
25
What is the highest common divisor of 320 and 16020?
20
What is the highest common divisor of 30 and 3605670?
30
Calculate the highest common divisor of 636 and 170289.
159
Calculate the greatest common divisor of 2124 and 340548.
708
What is the greatest common factor of 150 and 796350?
150
Calculate the greatest common divisor of 1859161 and 29.
29
Calculate the highest common factor of 20 and 10515.
5
What is the greatest common divisor of 2403494 and 1268?
634
Calculate the greatest common factor of 6882 and 744.
186
What is the highest common divisor of 31 and 354?
1
What is the highest common factor of 222256 and 144?
16
Calculate the greatest common factor of 7548 and 1812.
12
What is the highest common divisor of 108333 and 171?
9
What is the greatest common divisor of 50364 and 54?
18
What is the highest common divisor 